119*a. Is a composite?
False
Suppose 0 = g + d - 166397, -5*d + 543894 = 3*g + 44695. Is g a prime number?
True
Is 178159 - ((-12 - 18)*1/(-2) + -7) composite?
False
Is -7 + 0 + 196534 + 40 a prime number?
False
Let j be -7 + (40 - (7 + -2)). Suppose j*q - 15075 = -1047. Is q composite?
True
Suppose -2*g = -22*g + 240. Suppose 3*d - 13530 = 9*o - g*o, -o - 5*d = -4522. Is o a prime number?
True
Let d = -2286 + 1362. Let j = 1814 + d. Suppose 2*z + 4*c - 1566 - j = 0, -z + 1240 = -2*c. Is z a composite number?
True
Suppose 2*i + 5598 = 2*x - 0*i, i = -x + 2791. Suppose -5*c = -5*y - x, 104 = -3*c - 2*y + 1756. Is c a composite number?
True
Suppose 8*g - 61 = 3. Let y(w) = w**3 - 7*w**2 - 9*w + 17. Let m be y(g). Suppose -2*k = -m*k + 1855. Is k prime?
False
Suppose -4*c - 20 = 8. Is ((-2)/(-10))/(c/(-81655)) a prime number?
True
Let r(i) = 24*i**2 + 10*i - 17. Suppose 0 = -25*n + 26*n - 8. Let t = -3 + n. Is r(t) prime?
False
Suppose 37*w = 36*w - 1. Let c be w/(-3 + (-1 - -3)) - -3. Is ((-106)/c)/(1/(-34)) prime?
False
Suppose 100*v - 47*v = 4278319. Is v composite?
True
Let n(z) = -z**2 - 10*z + 12. Let p be n(-11). Suppose 3*a - 4*x = -6 - 1, 3*a = 2*x + p. Is -2 - (213/a)/(-1) composite?
True
Suppose -3*k + 179*p = 183*p - 284950, -2*k - 4*p + 189968 = 0. Is k a prime number?
False
Suppose -23*g + 22*g = 5*r - 6906, -r = -2*g - 1379. Suppose 4*c - r = -4*y + 24119, -19121 = -3*y - c. Is y a composite number?
False
Suppose 0 = p - 2*p + i + 10836, p - 10812 = -5*i. Let q = 19506 - p. Is q prime?
False
Let y = -324357 + 465122. Suppose 34782 = x - z, 0 = 5*x + 2*z - y - 33138. Is x a composite number?
False
Suppose 4*v - 2*h - 2 = 0, -4*v + 11 = -0*h + h. Let p(z) = 28 - 49 + 4*z**2 + 14*z**3 + v*z + 30. Is p(4) a composite number?
False
Is (285/(-19) - -10)/(2400752/800252 + -3) a prime number?
False
Let l(u) = -u**3 - 10*u**2 + 41*u - 8. Let x be l(-14). Suppose -6382 = -204*n + x*n. Is n a composite number?
False
Let u be (0*((-12)/18)/2)/(-2). Suppose u = 2*h - 3*r - 1853, 5*h - 3581 = r + 1019. Is h prime?
True
Let u be (26146/(-4))/(3/(-30)). Suppose -5*k - 2*h = -u, 2*k + 6*h - 3*h = 26146. Is k composite?
True
Suppose 5*p - 3*p + 6*z - 277708 = -2*p, -3*z = 0. Is p a prime number?
True
Suppose -21*j = -0*j - 336. Suppose -4*o = -j - 4, -4*o = -k + 6653. Is k composite?
False
Let x = -47862 - -72216. Suppose 3*t - x = -4*p + 27193, -38664 = -3*p - t. Is p composite?
False
Suppose 7*z + 711 = 746. Let y be ((-25494)/9)/(2/(-3)). Suppose -z*t - 2*i = -y, 2*i + 0*i + 2559 = 3*t. Is t a prime number?
False
Let k(d) = 2*d**2 - 4*d. Let p be k(3). Suppose 0 = 4*g, 3 = 3*u + g - p. Suppose -u*b + 2615 = -0*b + 4*m, -2*b + 1720 = -2*m. Is b a composite number?
True
Let s = -350132 - -608925. Is s a prime number?
False
Suppose 329 + 2457 = -u. Let a = u + 5419. Is a prime?
True
Suppose 36*f - 83*f + 1907477 = -36*f. Is f composite?
True
Let r(v) be the third derivative of v**4/6 + 7*v**3/6 - 13*v**2. Let a be r(0). Suppose -5967 = -a*p + 466. Is p composite?
False
Suppose -h + 1560735 = 4*u, 17*u = 4*h - 0*u - 6242907. Is h a composite number?
True
Suppose 2*d = -7*v + 10*v - 12, -4*d + 5*v = 20. Suppose q - 1702 = 3*s, 7*s - 5*s - 10 = d. Is q a composite number?
True
Let y = -31311 + 69994. Is y a composite number?
True
Suppose 5*y - 4*j = 318593, 2*y - 127451 = 9*j - 12*j. Is y a composite number?
True
Suppose 0 = -6*s + 2*s + 69016. Suppose 10*v = s + 4536. Is v a prime number?
True
Let m(y) = 4318*y + 2675. Is m(44) composite?
False
Let w = 50239 + -31498. Is w prime?
False
Suppose 0 = -q + 4827 + 3347. Let g = 25105 - q. Is g a prime number?
True
Let j = 964505 - -75298. Is j a prime number?
False
Let p = 16750 - -24517. Is p a composite number?
True
Let d(u) be the third derivative of 7*u**6/120 - u**4/4 - u**3/3 - 29*u**2. Let i be d(3). Suppose 54 + i = s - 5*f, 3*f = -4*s + 892. Is s a prime number?
True
Suppose 45*o + 308 = 46*o. Suppose 3*i = -u - 489, -6*i + 2*i - 652 = 4*u. Let y = o + i. Is y a prime number?
False
Let d = -73516 - -271347. Is d composite?
False
Is 106/371 - (-241995)/7 a composite number?
True
Let w(k) = -97*k + 75. Let g = 341 - 349. Is w(g) a prime number?
False
Let d = -55395 - -119089. Is d a prime number?
False
Let g be (-1)/(-3)*-3 - 44. Is (-39)/(-1)*(-555)/g prime?
False
Let b(v) = 31349*v - 676. Is b(3) composite?
False
Let w(d) = -5*d**3 + 122*d**2 + 13*d + 37. Is w(22) composite?
False
Suppose -57*x + 52*x + 25745 = 0. Suppose -13*l - x = -15458. Is l a prime number?
False
Suppose 23*c - 1326840 = -34*c + 17*c. Is c a prime number?
False
Suppose -25 = -5*j - 10. Let u be 1/(((-136)/(-184))/(-17)). Is u/(j - (-22)/(-7)) a composite number?
True
Let s(w) be the third derivative of w**6/12 + w**5/12 - w**4/6 - 2*w**3/3 - w**2 + 3*w. Is s(3) a composite number?
True
Let w(n) = 497*n**3 - 2*n**2 - 3*n - 13. Is w(3) a prime number?
False
Let n = 21030 + -17893. Is n composite?
False
Suppose -r = -5*g + 2*g - 1212, 0 = -2*r + 5*g + 2419. Let j be -2*(-6)/7*r/6. Let p = j - -5. Is p a composite number?
False
Suppose 3*l = 2*t + 182651, 14*t - 18*t = 3*l - 182681. Is l prime?
True
Let t be (-4)/14 + 12/42. Suppose -7*n + 6*n + 814 = t. Suppose -2*p - n = -4*p. Is p composite?
True
Let s(l) = -l**2 - 21*l - 18. Let r be s(-20). Suppose 0 = -5*i - 5*p + r*p + 24827, -5*p = -20. Is i a prime number?
False
Let x(t) = -t**3 - 4*t**2 - 3*t - 2. Let v be x(-3). Let w be 20/(-110) + 4/(-22)*8546. Is (w - (-3 - v))*-1 a prime number?
True
Let n(v) = 5*v**2 + 2*v. Let y be n(-2). Let d = y - -42. Is d a prime number?
False
Is -2 - ((-3)/2)/(((-48)/(-303136))/3) prime?
False
Suppose 5*u = -6*u + 1122. Let i = u - 50. Suppose 56*q = i*q + 2932. Is q a composite number?
False
Let s(w) = -3085*w**3 + 4*w**2 + 30*w + 86. Is s(-3) a prime number?
False
Suppose 0 = 3*h + 111 + 33. Let l be (-135)/h*10 + (-2)/16. Is (-237)/4*l/(-21) a composite number?
False
Suppose 4*q - 3*b - 82646 = 0, 0 = -4*b + 244 - 236. Is q composite?
False
Suppose -2*g = 4*o - 1357042, -18*o + 16*o + 2714120 = 4*g. Is g composite?
False
Suppose 150*m - 4*a + 56081 = 151*m, -280405 = -5*m - a. Is m prime?
True
Suppose 252*p + 9322867 = 293*p. Is p a composite number?
False
Suppose 4*o - 2*l = 8601 + 2539, 3*o + 5*l - 8342 = 0. Suppose -4*q + 7475 = 4*v + 1907, 0 = -2*q - 4*v + o. Let r = -913 + q. Is r prime?
True
Let n = 36364 + -5127. Is n prime?
True
Let c = 63 - 67. Is 2 - 100/(-4)*(c - -101) a prime number?
False
Let l(y) = 70*y - 7. Suppose -2*o + 2*m + 12 = 5*m, 3*o - 3*m = 3. Suppose -2*b + o*j - 7*j = -50, j = -4*b + 65. Is l(b) a composite number?
True
Suppose -367*k + 14437390 = -257*k. Is k prime?
True
Let f be 28 - ((-2)/2)/(-1). Suppose -2728 = 3*q - 7*q - 4*x, -5*x + 4762 = 7*q. Let l = q - f. Is l prime?
False
Let k(c) = c**3 + 20*c**2 + 17*c + 31. Let l = 28 + -43. Is k(l) a prime number?
False
Let d = -32496 + 13447. Let x = -12490 - d. Is x a composite number?
True
Let r be (-2)/6*0 - (-16)/(-4). Is ((-144)/108)/(r/7251) composite?
False
Let n = -7791 - -7795. Let l be 44/6 - (-4)/6. Is ((-943)/(-2))/(n/l) a composite number?
True
Let g(r) = -r**3 + 11*r**2 - 7*r + 13. Let l be g(14). Let u = l - -1218. Let t = u + 592. Is t a prime number?
False
Let g(y) = 9408*y - 3385. Is g(46) prime?
False
Let a be (15/(-6))/((-10)/8). Suppose 181 = -a*f - c, -4*f + 5*c = 8*c + 361. Let b = 165 + f. Is b a prime number?
False
Is -6 - (-2)/9*26 - 146470640/(-144) prime?
True
Let k be 1/((-35)/30)*-14. Suppose -h - 3*h = -2*x + 4, -k = 5*h + x. Is -1 + 1 - (-587 + h) a prime number?
False
Suppose -c + 26 = 24. Suppose c*n = 3*n + 3*u - 1838, -3*u = 2*n - 3685. Is n prime?
True
Let k = -90782 + 400141. Is k a prime number?
True
Suppose 61*n + 20090 - 410551 = 0. Is n a prime number?
False
Let n(f) = -f**3 - 6*f**2 - 10*f + 1. Let k be n(-3). Suppose -3*h = -6, 0 = -t + h + k*h + 343. Is t a composite number?
False
Let t(j) = 4*j - 28. Suppose 0 = -43*u + 39*u + 36. Let d be t(u). Let s(q) = 65*q + 39. Is s(d) prime?
False
Is ((-31)/((-155)/(-7414)))/((-2)/5) a prime number?
False
Let g = 11 - -29. Suppose -12*q + g = -10*q. Is 10022/8 - (-5)/q a prime number?
False
Let u(z) = 2168*z + 11343. Is u(70) composite?
True
Let q(l) = l**3 + 9*l**2 - 14*